 the ten millions digit of 1275965024?
7
What is the hundred millions digit of 304753636?
3
What is the hundred thousands digit of 120760642?
7
What is the tens digit of 289263397?
9
What is the tens digit of 51755980?
8
What is the hundreds digit of 76756329?
3
What is the ten millions digit of 572003961?
7
What is the ten thousands digit of 168874410?
7
What is the ten thousands digit of 37354160?
5
What is the hundreds digit of 199695847?
8
What is the hundreds digit of 124684506?
5
What is the hundred thousands digit of 647079638?
0
What is the tens digit of 1385566696?
9
What is the hundreds digit of 54752908?
9
What is the millions digit of 946991184?
6
What is the ten thousands digit of 2041374?
4
What is the ten millions digit of 552333957?
5
What is the units digit of 425850696?
6
What is the millions digit of 3418181522?
8
What is the thousands digit of 303948068?
8
What is the ten thousands digit of 9498287?
9
What is the ten millions digit of 200702913?
0
What is the units digit of 420595335?
5
What is the tens digit of 1683622754?
5
What is the hundred thousands digit of 42756785?
7
What is the units digit of 5741102?
2
What is the tens digit of 694264376?
7
What is the units digit of 1598747762?
2
What is the millions digit of 2062588942?
2
What is the ten thousands digit of 519306786?
0
What is the tens digit of 1795829850?
5
What is the hundred millions digit of 972709734?
9
What is the hundred millions digit of 1093749928?
0
What is the units digit of 404778475?
5
What is the units digit of 53351362?
2
What is the ten millions digit of 1698599237?
9
What is the tens digit of 4220165788?
8
What is the tens digit of 986263880?
8
What is the hundreds digit of 38317627?
6
What is the ten millions digit of 3145759209?
4
What is the millions digit of 1450458460?
0
What is the ten thousands digit of 53330400?
3
What is the hundreds digit of 247791047?
0
What is the hundred thousands digit of 364748821?
7
What is the tens digit of 2503758792?
9
What is the millions digit of 65936972?
5
What is the thousands digit of 631318509?
8
What is the ten thousands digit of 58636076?
3
What is the tens digit of 286865579?
7
What is the hundred thousands digit of 28948267?
9
What is the hundreds digit of 9469492?
4
What is the hundreds digit of 135350912?
9
What is the thousands digit of 95377008?
7
What is the tens digit of 15441433?
3
What is the units digit of 1847656445?
5
What is the tens digit of 1850488175?
7
What is the ten millions digit of 56775302?
5
What is the tens digit of 760201789?
8
What is the hundred thousands digit of 1745625061?
6
What is the millions digit of 66918896?
6
What is the hundred thousands digit of 15526643?
5
What is the hundred thousands digit of 145086945?
0
What is the hundred millions digit of 169639559?
1
What is the millions digit of 38736901?
8
What is the tens digit of 319515566?
6
What is the hundreds digit of 1583338717?
7
What is the ten thousands digit of 1185400427?
0
What is the ten millions digit of 1158844658?
5
What is the millions digit of 1674959326?
4
What is the hundred thousands digit of 427990402?
9
What is the millions digit of 644047940?
4
What is the hundred thousands digit of 1575228941?
2
What is the hundreds digit of 375158146?
1
What is the thousands digit of 37600303?
0
What is the thousands digit of 109150575?
0
What is the tens digit of 1287058228?
2
What is the thousands digit of 79296359?
6
What is the ten millions digit of 3127101024?
2
What is the thousands digit of 163409547?
9
What is the millions digit of 4156589073?
6
What is the tens digit of 67477770?
7
What is the ten thousands digit of 6631660?
3
What is the thousands digit of 4305627?
5
What is the hundred thousands digit of 1186205565?
2
What is the thousands digit of 826977761?
7
What is the tens digit of 4603977?
7
What is the tens digit of 1440540146?
4
What is the ten thousands digit of 229511381?
1
What is the ten thousands digit of 61947442?
4
What is the ten millions digit of 67302012?
6
What is the ten millions digit of 1024572014?
2
What is the thousands digit of 127417892?
7
What is the hundred thousands digit of 34643982?
6
What is the tens digit of 1277652991?
9
What is the ten thousands digit of 112623917?
2
What is the units digit of 1187417700?
0
What is the hundreds digit of 74520603?
6
What is the hundred thousands digit of 14299700?
2
What is the ten millions digit of 401150584?
0
What is the hundred thousands digit of 2069198603?
1
What is the thousands digit of 2643537072?
7
What is the tens digit of 362017151?
5
What is the tens digit of 427051386?
8
What is the hundreds digit of 692843420?
4
What is the hundred thousands digit of 821598132?
5
What is the billions digit of 2525324593?
2
What is the hundreds digit of 73218083?
0
What is the millions digit of 564849837?
4
What is the millions digit of 20384093?
0
What is the hundred thousands digit of 59287912?
2
What is the hundred millions digit of 801821404?
8
What is the millions digit of 1034356382?
4
What is the hundreds digit of 835696382?
3
What is the tens digit of 181976823?
2
What is the millions digit of 115749357?
5
What is the hundreds digit of 3579577687?
6
What is the millions digit of 183224708?
3
What is the hundred millions digit of 214067201?
2
What is the tens digit of 5547068?
6
What is the tens digit of 1091221677?
7
What is the thousands digit of 37410015?
0
What is the ten millions digit of 159684017?
5
What is the hundreds digit of 422191502?
5
What is the ten thousands digit of 52309139?
0
What is the hundred millions digit of 1074902255?
0
What is the units digit of 292145284?
4
What is the hundred thousands digit of 25622718?
6
What is the units digit of 931948517?
7
What is the hundred thousands digit of 1245825083?
8
What is the hundred millions digit of 164986446?
1
What is the hundreds digit of 84093495?
4
What is the ten thousands digit of 11806243?
0
What is the units digit of 45657125?
5
What is the units digit of 138838613?
3
What is the millions digit of 26338468?
6
What is the hundreds digit of 2362599234?
2
What is the tens digit of 190385?
8
What is the ten millions digit of 308253120?
0
What is the billions digit of 1789185400?
1
What is the ten millions digit of 609227993?
0
What is the millions digit of 90596099?
0
What is the hundred millions digit of 877457556?
8
What is the hundred thousands digit of 281471579?
4
What is the ten millions digit of 61790869?
6
What is the ten thousands digit of 46716743?
1
What is the millions digit of 2653538801?
3
What is the hundred thousands digit of 41347000?
3
What is the ten millions digit of 34447978?
3
What is the units digit of 546829973?
3
What is the ten thousands digit of 1847537030?
3
What is the ten thousands digit of 297786874?
8
What is the thousands digit of 31113262?
3
What is the units digit of 2278101421?
1
What is the ten millions digit of 510705609?
1
What is the ten thousands digit of 215635923?
3
What is the ten thousands digit of 4993427981?
2
What is the hundreds digit of 24569968?
9
What is the tens digit of 128429430?
3
What is the ten millions digit of 607940360?
0
What is the ten millions digit of 4137116180?
3
What is the tens digit of 52904498?
9
What is the units digit of 28858843?
3
What is the tens digit of 997694723?
2
What is the hundreds digit of 416635915?
9
What is the ten thousands digit of 1884160105?
6
What is the hundred thousands digit of 5341309549?
3
What is the ten millions digit of 738113856?
3
What is the ten millions digit of 239229285?
3
What is the tens digit of 15392076?
7
What is the millions digit of 1501218548?
1
What is the hundred millions digit of 785406000?
7
What is the millions digit of 68664238?
8
What is the ten thousands digit of 222055101?
5
What is the ten millions digit of 794322944?
9
What is the hundred thousands digit of 1103219781?
2
What is the hundred millions digit of 491676550?
4
What is the hundreds digit of 1148915013?
0
What is the hundred millions digit of 2263223297?
2
What is the millions digit of 772015363?
2
What is the tens digit of 37016654?
5
What is the thousands digit of 446069783?
9
What is the hundred millions digit of 954701198?
9
What is the hundred thousands digit of 5996